= 328. Let r = k + 123. Calculate the remainder when r is divided by 24.
23
Let a = -160 - -211. Calculate the remainder when a is divided by 9.
6
Suppose 0 = 2*z - 7*z + 355. What is the remainder when z is divided by (-6 + 0)*(8 - (-38)/(-4))?
8
What is the remainder when 251 is divided by 621/15 - (9/15)/(-1)?
41
Suppose -b + 3*n + 6 + 17 = 0, 0 = -2*b + 5*n + 44. Let w be (-2)/(-4) + 12/(-8). What is the remainder when 65 is divided by b/(1 + w + 1)?
14
Let c(a) = 4*a**3 + a**2 - a - 1. Let l be c(2). Suppose -5*h + 0*f = 3*f - 47, -3*f = 3*h - l. Let k = 105 - 80. What is the remainder when k is divided by h?
4
Suppose 16 = 15*f - 13*f. Suppose -7*k + f + 20 = 0. Calculate the remainder when 10 is divided by k.
2
Let b = 780 + -361. Let u = b - 285. Calculate the remainder when u is divided by 34.
32
Let w = 54 + -37. Suppose 0 = 4*m + 4*j - 64, -2*m + 3*j + 20 = -w. Calculate the remainder when 84 is divided by m.
16
Suppose -39*p + 14 = -37*p. Calculate the remainder when (-4)/((-8)/6) - -30 is divided by p.
5
Let v(w) = 15*w**3 + 2*w**2 - 2*w + 2. Let s be v(2). Suppose 2*j + 5*j = s. What is the remainder when 33 is divided by j?
15
Let h(c) = c**2. Let l be h(0). Let k be 5/((-10)/(-1))*l. Suppose 2*y + 4*y - 48 = k. What is the remainder when 20 is divided by y?
4
Let w be 3/(-15) + (-59)/5. Let f(z) = z**3 + 12*z**2 - 4*z - 13. Calculate the remainder when 69 is divided by f(w).
34
Suppose 0 = a - 5*j - 7, 2*a + 3*j = -7 + 47. Calculate the remainder when 28/70*(1 + 164) is divided by a.
15
Suppose 11*w - 14 - 19 = 0. Suppose -150 = -13*p + w*p. What is the remainder when p is divided by 1*(-1)/((-1)/4)?
3
Suppose -6*p + 62 = -64. Let l = p - -32. Calculate the remainder when l is divided by 18.
17
Suppose 25 = 2*c - 15. Calculate the remainder when 706/18 + (-70)/315 is divided by c.
19
Suppose 89 = 11*a - 21. Suppose 3*z = 5*q - 11, 1 = -2*q + 4*z - 3. What is the remainder when a is divided by q?
2
What is the remainder when (-32)/(-12) - 2 - (-5943)/9 is divided by 17?
15
Let a = -1208 - -1278. Calculate the remainder when 978 is divided by a.
68
Suppose 3*r + 0*r = 174. Suppose -n + 4*q + 18 = 2*n, 0 = 2*q. Suppose -n*y + 9*y - 45 = 0. What is the remainder when r is divided by y?
13
Suppose -g = -4*g + 18. Let l(q) = 2*q**2 - 45*q + 27. What is the remainder when g is divided by l(22)?
1
Suppose 3*w - 4*f + 3*f - 99 = 0, -2*w + 74 = 2*f. Calculate the remainder when 59 is divided by w.
25
Suppose 5*c = -4*c - 27. Let t(s) = 2*s**2 - s. Calculate the remainder when 104 is divided by t(c).
20
Suppose 0 = 2*h + 4 - 8. Suppose 116 = h*p + 2*p. Calculate the remainder when 56 is divided by p.
27
Suppose 2*f - 28 = -10. Calculate the remainder when (-26)/(-39) - ((-49)/3 - 0) is divided by f.
8
Suppose 123*c - 121*c = 84. What is the remainder when c is divided by (-2 + 2 - 1)*-15?
12
Let o(h) = 26*h - 73. What is the remainder when o(9) is divided by 55?
51
Let a(n) = n**2 - 6*n + 5. Let k be a(5). Suppose -5*f + 0*f + 95 = 3*c, -4*f + c + 93 = k. Calculate the remainder when 41 is divided by f.
19
Let b = 1184 + -1180. Let z(h) = h**2 + h. Let w(f) = f. Let l(j) = -4*w(j) - z(j). What is the remainder when l(-4) is divided by b?
0
Let u be 15/6*(-40)/(-25). Suppose 4*o = -4*r + u, -r + 3*o + 2*o = 5. Suppose 5 = -r*a - 5*a + 5*w, -12 = -3*w. Calculate the remainder when a is divided by 3.
0
Let u = 251 - 233. Calculate the remainder when u is divided by 10.
8
Suppose 0 = -4*t - 50 + 122. Let k = 1049 + -871. Calculate the remainder when k is divided by t.
16
Suppose s + s - 30 = 0. Suppose i + 4*b = -2*i + 31, -2*i + 3*b = -s. Suppose 2*j - i = 7. What is the remainder when 14 is divided by j?
6
Suppose 29 - 24 = f. Suppose 4*s + 2*t - 42 = 4*t, 0 = f*s - t - 57. Calculate the remainder when s is divided by 8.
4
Suppose 0 = 2*b, 4*b = -0*g - 2*g + 206. Calculate the remainder when g is divided by 18.
13
Suppose -5*s - 92*w + 52 = -95*w, 3*w = 4*s - 41. What is the remainder when 218 is divided by s?
9
Let o(p) = -6*p**2 + 3*p + 8. Let s be o(-3). Let g = s + 60. Calculate the remainder when 13 is divided by g.
3
Suppose -2*g = -4*g - 2, -2*w = 4*g - 244. Suppose 5*j + 4*f = 113, 3*j - 79 + 22 = 3*f. What is the remainder when w is divided by j?
19
Suppose 332*d + 243 = 335*d. What is the remainder when 300 is divided by d?
57
Let i(c) = -c**3 - 2*c**2 + 4*c - 1. Let o be i(-3). Let f be -4*3/o - 15. Let a(z) = -2*z - 16. Calculate the remainder when 30 is divided by a(f).
6
Let n(j) = j**2 - 6*j + 8. Let p be n(4). Suppose 4*l - 19 = o, 2*o - 7 = -l - p*l. Calculate the remainder when 10 is divided by l.
0
Let f(b) = -b**2 - 15*b - 32. Suppose 80 = -2*z - 8*z. Calculate the remainder when 118 is divided by f(z).
22
Let b(o) be the first derivative of o**3/3 + 4*o**2 + 13*o - 12. Calculate the remainder when 39 is divided by b(-7).
3
Let c be 6/27 - 1078/(-9). Suppose 4*n = 3*r + n - c, 2*n - 28 = -r. Suppose 0 = -2*s + r + 70. Calculate the remainder when s is divided by 14.
11
Let l = 22 + -22. Suppose l = -8*b + b + 308. What is the remainder when 85 is divided by b?
41
Let c(k) be the third derivative of k**6/120 + k**5/60 - k**4/24 - k**3/3 + 5*k**2. Let w be c(0). What is the remainder when 16 is divided by (-1)/(w/16) + -2?
4
Calculate the remainder when 404 is divided by (-238)/(-357) - 494/(-6).
72
Calculate the remainder when (-8 + 11)/3 + (278 - -3) is divided by 11.
7
Let g(j) = j**3 + 9*j**2 + 8*j + 14. What is the remainder when g(-8) is divided by 4/1*(-15)/(-12)?
4
Let g = -260 + 360. Calculate the remainder when g is divided by 51.
49
Let w = -1 + -3. Let h be (6/w)/(6/(-20)). Let u = h + 5. Calculate the remainder when 17 is divided by u.
7
Suppose 4*c + 37 = 5*c - 5*x, -c - x + 31 = 0. Calculate the remainder when 125 is divided by c.
29
Let i(n) = -n**3 + 10*n**2 + 63*n - 8. What is the remainder when i(-5) is divided by 19?
14
Let t = -134 + 330. Calculate the remainder when 194 is divided by (t/12)/((-2)/(-6)).
47
Let w(i) = 347*i - 1039. What is the remainder when w(4) is divided by 32?
29
Let f(h) = 21*h**2 - 4*h + 7. What is the remainder when 358 is divided by f(1)?
22
Let j = -113 + 113. Suppose 4*s - 3*w = 27, 5*w + 46 - 9 = 4*s. Suppose j = -s*i - 15, 4*l + 3*i = 1 + 4. What is the remainder when l is divided by 3?
2
Let i(z) = -z**2 - 4*z + 1. Suppose 0 = -20*t + 17*t - 9. Let m(h) = h**2 + 6*h + 2. Calculate the remainder when i(t) is divided by m(-6).
0
Let h(c) = -c**3 + 12*c**2 - 9*c - 3. Suppose 5*r - 6*r = -11. Calculate the remainder when h(r) is divided by 13.
6
Suppose 0 = -f - f + 2*l + 16, 0 = 2*l + 4. Suppose -197*a - 368 = -213*a. What is the remainder when a is divided by f?
5
Let y be (7/(-3))/((-2)/12). Let w = -115 + 114. What is the remainder when -6*(y/(-1) - w) is divided by 27?
24
Let n be (-14)/(-63) - 464/(-18). Let u = 65 - n. Calculate the remainder when u is divided by 15.
9
Suppose -p + 4*y + 43 = 0, -2*p - 209 = -5*p - 4*y. Let f = p - -6. What is the remainder when f is divided by 35?
34
Let w = -67 - -47. Let k be 1*1*w/(-2). Calculate the remainder when 45 is divided by (k/(-3))/(-5)*24.
13
Let t be (((-3)/(-9))/1)/((-2)/(-18)). Suppose 0 = t*c - 21 - 9. What is the remainder when 34 is divided by c?
4
Suppose 60 - 83 = -2*r + t, -t + 31 = 4*r. Calculate the remainder when 102 is divided by r.
3
Suppose -h + n - 2*n - 7 = 0, -4*n - 3 = -h. Let i(g) = -g**2 - 6*g + 6. Calculate the remainder when i(h) is divided by -2 + (0 - -1) - -7.
5
Let j(r) = 7*r + 4*r**2 + 9 + 4 - r**3 - 3*r - 10*r**2. Calculate the remainder when j(-8) is divided by 37.
35
Suppose -4*s - 2*o + 28 = -8, 0 = -2*s - 4*o + 30. What is the remainder when 7 is divided by s?
0
Let t be 2*(-2 - -3) - -69. Suppose c = -28 + t. What is the remainder when 214 is divided by c?
42
Let c(q) be the second derivative of q**4/12 - 5*q**3/6 + q**2/2 - 5*q. Let u = 26 - -18. Calculate the remainder when u is divided by c(7).
14
Suppose 3*d - 27 = -3*g + 9, 3*g + d = 38. Calculate the remainder when g is divided by 3.
1
Suppose 3*s + 4*v = -686, -2*s - 2*s - 5*v - 916 = 0. Let u = -159 - s. Calculate the remainder when u is divided by 19.
18
Suppose 209 = -10*r + 749. What is the remainder when r is divided by 26